38
-321 (base 5) to base 2
-1010110
What is -1135 (base 6) in base 12?
-1ab
What is 20101200 (base 4) in base 10?
33888
2b63 (base 15) to base 3
110210010
Convert -1112211112 (base 3) to base 14.
-b185
4b9 (base 12) to base 15
32c
Convert 1068 (base 12) to base 7.
5162
What is -23213 (base 4) in base 9?
-1015
Convert 3131 (base 6) to base 2.
1010111111
-109 (base 14) to base 15
-da
Convert -121000 (base 3) to base 4.
-12300
98b (base 15) to base 16
86c
What is -21102 (base 3) in base 14?
-104
Convert -11011111011 (base 2) to base 15.
-7e2
What is -363 (base 7) in base 16?
-c0
What is -38ee (base 15) in base 12?
-7045
1305 (base 7) to base 8
757
-394 (base 12) to base 11
-455
Convert a19 (base 13) to base 5.
23322
Convert 222 (base 4) to base 10.
42
-1121202 (base 3) to base 9
-1552
Convert -561 (base 10) to base 14.
-2c1
-202231 (base 6) to base 16
-3ecb
93d0 (base 15) to base 3
1120212020
5071 (base 9) to base 7
13546
What is -300032 (base 5) in base 15?
-2bb2
What is -30371 (base 8) in base 12?
-7309
What is 1441 (base 5) in base 10?
246
Convert -452 (base 6) to base 14.
-c8
78d (base 16) to base 2
11110001101
What is de (base 16) in base 6?
1010
-d7e6 (base 15) to base 6
-551230
What is -1824 (base 9) in base 12?
-987
50de (base 15) to base 3
212102202
What is 124146 (base 9) in base 14?
1d5a2
-701 (base 15) to base 7
-4411
What is -2bb6 (base 12) in base 3?
-21002210
Convert -110000000000 (base 2) to base 14.
-1196
-21105 (base 7) to base 4
-1101033
What is -2212021 (base 3) in base 13?
-c46
Convert -10110102 (base 3) to base 13.
-11c0
What is -80c (base 13) in base 12?
-958
Convert 10 (base 10) to base 3.
101
Convert 344 (base 7) to base 5.
1204
Convert 4112344 (base 5) to base 11.
46045
What is -2202022 (base 3) in base 6?
-13142
e1 (base 15) to base 12
157
What is 10011101111110011 (base 2) in base 8?
235763
Convert 53a2 (base 11) to base 7.
26534
Convert -332 (base 16) to base 7.
-2246
What is 1111000010111 (base 2) in base 5?
221303
-277 (base 10) to base 12
-1b1
28926 (base 10) to base 14
a782
What is 444 (base 15) in base 14?
4cc
-501 (base 9) to base 15
-1c1
Convert -2ba9 (base 14) to base 5.
-222133
What is -662b (base 13) in base 9?
-21464
Convert -11458 (base 9) to base 8.
-16763
1330442 (base 6) to base 2
10010000100111010
Convert -114440 (base 5) to base 13.
-1cb2
Convert -b7d (base 15) to base 10.
-2593
Convert 1145451 (base 6) to base 13.
21925
What is 122102 (base 4) in base 12?
b82
Convert 259 (base 16) to base 8.
1131
What is -3222203 (base 5) in base 9?
-83003
What is 11113 (base 7) in base 4?
223303
7747 (base 16) to base 5
1434120
-122112 (base 4) to base 13
-9c9
-374 (base 11) to base 5
-3234
What is -45c (base 16) in base 6?
-5100
Convert -b771 (base 12) to base 15.
-5e51
12b (base 16) to base 14
175
Convert 8899 (base 13) to base 10.
19054
Convert 557 (base 14) to base 2.
10000100001
Convert -2225 (base 8) to base 9.
-1543
Convert 42344 (base 5) to base 7.
11210
What is -3804 (base 9) in base 15?
-c94
What is -5751 (base 10) in base 7?
-22524
What is 1ba01 (base 12) in base 11?
28a41
What is -1011001011100001 (base 2) in base 11?
-31450
Convert 1031 (base 5) to base 14.
a1
1110011000010001 (base 2) to base 10
58897
Convert 13030302 (base 4) to base 5.
1420430
Convert -140052 (base 6) to base 16.
-32c0
-493 (base 12) to base 11
-575
Convert -113422 (base 8) to base 10.
-38674
454 (base 11) to base 5
4133
Convert -11000121 (base 4) to base 6.
-234533
-112101212 (base 3) to base 9
-15355
Convert -45410 (base 6) to base 3.
-22210120
Convert 598 (base 16) to base 11.
1092
Convert -1311 (base 4) to base 8.
-165
1630 (base 16) to base 8
13060
-407 (base 9) to base 14
-199
What is 16db (base 16) in base 12?
3477
3ad (base 16) to base 13
575
What is 12570 (base 10) in base 13?
594c
What is -538b (base 12) in base 5?
-243204
What is 80 (base 16) in base 6?
332
-100006 (base 8) to base 13
-11bc1
Convert -1009 (base 12) to base 14.
-8c1
-11453 (base 6) to base 14
-889
Convert -1101211 (base 3) to base 8.
-1775
Convert 130233 (base 4) to base 8.
3457
Convert -403 (base 11) to base 12.
-347
What is -43 (base 12) in base 5?
-201
-1e2a (base 15) to base 7
-25066
-8275 (base 14) to base 7
-122305
Convert 5764 (base 9) to base 6.
31434
1211020 (base 4) to base 15
1db7
-42031 (base 6) to base 14
-20a7
32022 (base 4) to base 7
2433
What is 8c5 (base 16) in base 5?
32440
364 (base 13) to base 9
724
What is 86446 (base 9) in base 3?
2220111120
-263 (base 8) to base 13
-10a
What is -8850 (base 13) in base 9?
-28043
What is -212022122 (base 3) in base 15?
-5085
Convert -220413 (base 5) to base 15.
-23c3
Convert -1010010111110 (base 2) to base 15.
-1890
What is -344 (base 9) in base 12?
-1b7
-59b (base 14) to base 6
-5101
20b1 (base 14) to base 12
3323
200003 (base 4) to base 7
5660
2cc7 (base 16) to base 3
120201120
What is 13430 (base 6) in base 7?
6066
17c (base 14) to base 15
156
Convert -146612 (base 7) to base 5.
-1410042
What is -36b4 (base 14) in base 2?
-10010101011110
Convert -27153 (base 10) to base 15.
-80a3
1120010 (base 3) to base 7
3213
103662 (base 7) to base 6
220050
What is -13a90 (base 11) in base 6?
-232155
What is -1111042 (base 6) in base 7?
-322115
Convert -8310 (base 10) to base 7.
-33141
Convert 123232 (base 5) to base 8.
11321
Convert 288e (base 15) to base 12.
5038
Convert 553 (base 7) to base 15.
13d
Convert -10332 (base 9) to base 7.
-25631
Convert -27 (base 14) to base 13.
-29
-443 (base 11) to base 6
-2243
Convert -75 (base 14) to base 6.
-251
-7063 (base 8) to base 7
-13412
What is 1243222 (base 5) in base 6?
310512
Convert 225 (base 15) to base 6.
2125
What is -6cbf (base 16) in base 12?
-1413b
Convert -9cd (base 14) to base 3.
-2200001
-265 (base 13) to base 9
-517
-1000101001010 (base 2) to base 8
-10512
What is -973 (base 15) in base 4?
-201111
What is 420231 (base 5) in base 2?
11010111111000
Convert -210220 (base 3) to base 15.
-296
Convert -279 (base 16) to base 10.
-633
-1240 (base 12) to base 2
-100000010000
Convert -201 (base 16) to base 3.
-201000
2384 (base 10) to base 13
1115
14a (base 13) to base 9
276
Convert -10000 (base 4) to base 15.
-121
11200031 (base 4) to base 7
122501
Convert 2da (base 16) to base 2.
1011011010
Convert 442a9 (base 11) to base 5.
4023444
What is 1a8d3 (base 14) in base 10?
67609
-7087 (base 10) to base 9
-10644
-4011 (base 6) to base 12
-607
-102202021 (base 3) to base 13
-3b8c
What is 10223003 (base 4) in base 7?
106541
Convert 3143 (base 5) to base 12.
2b3
What is -1444 (base 5) in base 12?
-189
-558 (base 10) to base 11
-468
-5b40 (base 13) to base 14
-49b2
-75100 (base 9) to base 16
-c1f5
a2a5 (base 12) to base 5
1031233
Convert -6360 (base 9) to base 15.
-15b6
What is 1b013 (base 13) in base 15?
10964
What is 11113 (base 4) in base 9?
421
-10534 (base 7) to base 4
-221233
-1165 (base 8) to base 14
-32d
-1120110 (base 3) to base 4
-101322
423c (base 15) to base 12
8133
Convert -1562 (base 15) to base 13.
-2123
3752 (base 9) to base 6
20545
Convert 27ba (base 14) to base 11.
5306
Convert -81a (base 11) to base 6.
-4325
3c9 (base 14) to base 6
3313
-1010110101100 (base 2) to base 14
-2044
Convert 10512 (base 7) to base 12.
1653
What is 3030 (base 6) in base 12?
476
1131 (base 12) to base 10
1909
What is -32340 (base 8) in base 11?
-a196
What is 1a3 (base 15) in base 12?
276
9455 (base 10) to base 2
10010011101111
Convert 15232 (base 6) to base 12.
1518
What is 10100011100 (base 2) in base 6?
10020
What is 454 (base 10) in base 5?
3304
3213442 (base 5) to base 11
37836
What is -211210002 (base 3) in base 4?
-10003133
Convert a4c (base 13) to base 14.
8d4
Convert 1110001 (base 3) to base 4.
100132
6021 (base 7) to base 4
200121
What is -101100101010110 (base 2) in base 12?
-1129a
-515a (base 13) to base 15
-34d9
Convert -18a0 (base 11) to base 6.
-15053
What is 376 (base 13) in base 9?
741
Convert 11000212 (base 3) to base 4.
231323
14650 (base 11) to base 15
6231
243420 (base 5) to base 11
6a36
-1326 (base 10) to base 11
-aa6
-3bd2 (base 14) to base 16
-294c
-28934 (base 10) to base 13
-10229
1ff (base 16) to base 14
287
What is 11110010010 (base 2) in base 4?
132102
-1120320 (base 5) to base 3
-1000112220
Convert -b805 (base 14) to base 16.
-7c0d
2559 (base 13) to